 143885?
5
What is the hundreds digit of 429532?
5
What is the ten thousands digit of 270607?
7
What is the hundred thousands digit of 1507382?
5
What is the hundred thousands digit of 1129910?
1
What is the ten thousands digit of 307731?
0
What is the hundreds digit of 195413?
4
What is the tens digit of 1253676?
7
What is the hundred thousands digit of 18914018?
9
What is the hundreds digit of 675368?
3
What is the ten millions digit of 10797826?
1
What is the thousands digit of 26374679?
4
What is the thousands digit of 752182?
2
What is the hundreds digit of 7332840?
8
What is the ten thousands digit of 4328668?
2
What is the hundreds digit of 58645?
6
What is the hundreds digit of 232710?
7
What is the hundred thousands digit of 14034887?
0
What is the ten thousands digit of 300446?
0
What is the ten thousands digit of 7096337?
9
What is the units digit of 10348?
8
What is the tens digit of 510198?
9
What is the tens digit of 159071?
7
What is the thousands digit of 17482844?
2
What is the hundred thousands digit of 3739992?
7
What is the units digit of 2327974?
4
What is the hundred thousands digit of 5366977?
3
What is the hundred thousands digit of 1025208?
0
What is the ten thousands digit of 55190?
5
What is the ten millions digit of 27236968?
2
What is the units digit of 3746265?
5
What is the hundred thousands digit of 2901897?
9
What is the units digit of 383769?
9
What is the units digit of 334162?
2
What is the ten thousands digit of 567707?
6
What is the hundred thousands digit of 2870938?
8
What is the tens digit of 170232?
3
What is the hundreds digit of 82086?
0
What is the hundreds digit of 2369222?
2
What is the thousands digit of 29327758?
7
What is the ten thousands digit of 132085?
3
What is the millions digit of 4241147?
4
What is the ten thousands digit of 2952920?
5
What is the thousands digit of 354228?
4
What is the thousands digit of 1890452?
0
What is the tens digit of 61463?
6
What is the thousands digit of 378908?
8
What is the thousands digit of 1497348?
7
What is the tens digit of 16683117?
1
What is the ten thousands digit of 160435?
6
What is the hundreds digit of 1599210?
2
What is the units digit of 495475?
5
What is the hundreds digit of 344781?
7
What is the units digit of 241213?
3
What is the thousands digit of 4039989?
9
What is the units digit of 55283?
3
What is the tens digit of 465168?
6
What is the hundreds digit of 309551?
5
What is the thousands digit of 2318201?
8
What is the units digit of 2484486?
6
What is the thousands digit of 154544?
4
What is the thousands digit of 1067696?
7
What is the tens digit of 231868?
6
What is the tens digit of 1864402?
0
What is the hundreds digit of 747400?
4
What is the hundreds digit of 3375794?
7
What is the thousands digit of 394799?
4
What is the tens digit of 530366?
6
What is the ten thousands digit of 330012?
3
What is the tens digit of 5080072?
7
What is the ten thousands digit of 165689?
6
What is the units digit of 126731?
1
What is the thousands digit of 1430514?
0
What is the thousands digit of 2374357?
4
What is the millions digit of 1294405?
1
What is the thousands digit of 3566359?
6
What is the millions digit of 2109599?
2
What is the ten thousands digit of 170116?
7
What is the tens digit of 1174788?
8
What is the tens digit of 3310145?
4
What is the millions digit of 36253374?
6
What is the tens digit of 55609?
0
What is the millions digit of 4947237?
4
What is the ten thousands digit of 157739?
5
What is the thousands digit of 4248379?
8
What is the thousands digit of 4105368?
5
What is the hundreds digit of 7591894?
8
What is the millions digit of 12397096?
2
What is the hundreds digit of 8297036?
0
What is the tens digit of 919459?
5
What is the thousands digit of 1550206?
0
What is the ten thousands digit of 273733?
7
What is the units digit of 302080?
0
What is the hundreds digit of 10413744?
7
What is the hundred thousands digit of 741178?
7
What is the hundreds digit of 1266868?
8
What is the hundreds digit of 202699?
6
What is the thousands digit of 46194?
6
What is the units digit of 1701339?
9
What is the ten thousands digit of 311304?
1
What is the units digit of 1441776?
6
What is the units digit of 3306344?
4
What is the ten thousands digit of 464154?
6
What is the ten thousands digit of 11640581?
4
What is the ten millions digit of 14026302?
1
What is the thousands digit of 154584?
4
What is the tens digit of 3076277?
7
What is the hundreds digit of 7569331?
3
What is the ten thousands digit of 5623006?
2
What is the units digit of 11417679?
9
What is the ten thousands digit of 139446?
3
What is the tens digit of 172508?
0
What is the units digit of 663288?
8
What is the hundreds digit of 17516508?
5
What is the hundreds digit of 154027?
0
What is the ten thousands digit of 4240113?
4
What is the hundred thousands digit of 249152?
2
What is the thousands digit of 28869?
8
What is the hundreds digit of 9675612?
6
What is the hundreds digit of 123441?
4
What is the ten thousands digit of 4839408?
3
What is the tens digit of 1782636?
3
What is the tens digit of 804228?
2
What is the ten thousands digit of 773418?
7
What is the ten thousands digit of 223074?
2
What is the hundreds digit of 191933?
9
What is the thousands digit of 6299096?
9
What is the units digit of 9867756?
6
What is the tens digit of 2008130?
3
What is the millions digit of 36892027?
6
What is the hundred thousands digit of 11518563?
5
What is the millions digit of 1343951?
1
What is the ten millions digit of 22550130?
2
What is the units digit of 7659?
9
What is the units digit of 3845487?
7
What is the hundred thousands digit of 4700635?
7
What is the units digit of 588458?
8
What is the tens digit of 2027750?
5
What is the ten millions digit of 14453174?
1
What is the hundred thousands digit of 1415892?
4
What is the thousands digit of 1091445?
1
What is the hundred thousands digit of 18169911?
1
What is the ten millions digit of 16279225?
1
What is the hundreds digit of 145300?
3
What is the thousands digit of 717495?
7
What is the ten thousands digit of 182067?
8
What is the ten thousands digit of 183937?
8
What is the hundreds digit of 4592061?
0
What is the ten thousands digit of 256747?
5
What is the millions digit of 6519695?
6
What is the hundreds digit of 952281?
2
What is the hundreds digit of 29686957?
9
What is the tens digit of 1133216?
1
What is the millions digit of 3330092?
3
What is the thousands digit of 116131?
6
What is the units digit of 1035496?
6
What is the tens digit of 1622670?
7
What is the hundreds digit of 29848612?
6
What is the ten thousands digit of 137506?
3
What is the hundreds digit of 9775086?
0
What is the millions digit of 6474496?
6
What is the hundred thousands digit of 358951?
3
What is the hundreds digit of 47175?
1
What is the hundred thousands digit of 2517908?
5
What is the tens digit of 49453?
5
What is the thousands digit of 674668?
4
What is the thousands digit of 8441?
8
What is the hundreds digit of 387345?
3
What is the thousands digit of 120582?
0
What is the hundred thousands digit of 1662569?
6
What is the units digit of 262859?
9
What is the hundreds digit of 2929451?
4
What is the tens digit of 704586?
8
What is the units digit of 304862?
2
What is the hundred thousands digit of 279533?
2
What is the millions digit of 1002773?
1
What is the tens digit of 1036429?
2
What is the units digit of 1554781?
1
What is the units digit of 442967?
7
What is the hundred thousands digit of 788762?
7
What is the hundred thousands digit of 808531?
8
What is the hundred thousands digit of 249538?
2
What is the thousands digit of 2792534?
2
What is the thousands digit of 10951792?
1
What is the units digit of 853964?
4
What is the ten thousands digit of 24658596?
5
What is the hundreds digit of 1653482?
4
What is the hundreds digit of 929404?
4
What is the millions digit of 13270475?
3
What is the units digit of 1561119?
9
What is the ten thousands digit of 53480?
5
What is the thousands digit of 168125?
8
What is the thousands digit of 382749?
2
What is the ten thousands digit of 1875393?
7
What is the units digit of 13163247?
7
What is the thousands digit of 859609?
9
What is the millions digit of 4877083?
4
What